when 45 is divided by 34?
11
What is the remainder when 135 is divided by 4?
3
Calculate the remainder when 21 is divided by 13.
8
What is the remainder when 2397 is divided by 30?
27
What is the remainder when 664 is divided by 29?
26
What is the remainder when 133 is divided by 25?
8
Calculate the remainder when 1923 is divided by 31.
1
What is the remainder when 14919 is divided by 4972?
3
What is the remainder when 3891 is divided by 22?
19
Calculate the remainder when 32 is divided by 4.
0
What is the remainder when 52 is divided by 6?
4
Calculate the remainder when 316 is divided by 156.
4
What is the remainder when 359 is divided by 102?
53
What is the remainder when 404 is divided by 29?
27
What is the remainder when 2263 is divided by 3?
1
Calculate the remainder when 96 is divided by 35.
26
Calculate the remainder when 698 is divided by 100.
98
What is the remainder when 158 is divided by 10?
8
What is the remainder when 11195 is divided by 36?
35
Calculate the remainder when 3766 is divided by 130.
126
What is the remainder when 67 is divided by 17?
16
What is the remainder when 1013 is divided by 73?
64
What is the remainder when 338 is divided by 20?
18
What is the remainder when 1792 is divided by 90?
82
Calculate the remainder when 186 is divided by 42.
18
Calculate the remainder when 426 is divided by 33.
30
What is the remainder when 1032 is divided by 515?
2
What is the remainder when 20175 is divided by 13?
12
What is the remainder when 1324 is divided by 78?
76
What is the remainder when 1896 is divided by 631?
3
Calculate the remainder when 178 is divided by 77.
24
What is the remainder when 201 is divided by 10?
1
Calculate the remainder when 143 is divided by 26.
13
Calculate the remainder when 80 is divided by 9.
8
What is the remainder when 539 is divided by 354?
185
What is the remainder when 187 is divided by 110?
77
Calculate the remainder when 7664 is divided by 54.
50
What is the remainder when 743 is divided by 740?
3
What is the remainder when 60 is divided by 16?
12
Calculate the remainder when 140 is divided by 37.
29
Calculate the remainder when 25 is divided by 7.
4
What is the remainder when 436 is divided by 8?
4
What is the remainder when 710 is divided by 13?
8
Calculate the remainder when 394 is divided by 15.
4
Calculate the remainder when 472 is divided by 160.
152
What is the remainder when 938 is divided by 39?
2
Calculate the remainder when 306 is divided by 12.
6
What is the remainder when 487 is divided by 42?
25
What is the remainder when 10073 is divided by 22?
19
Calculate the remainder when 660 is divided by 158.
28
What is the remainder when 241 is divided by 80?
1
What is the remainder when 1100 is divided by 424?
252
Calculate the remainder when 130 is divided by 66.
64
What is the remainder when 2143 is divided by 15?
13
What is the remainder when 377 is divided by 21?
20
Calculate the remainder when 77 is divided by 10.
7
Calculate the remainder when 448 is divided by 10.
8
Calculate the remainder when 127 is divided by 126.
1
Calculate the remainder when 516 is divided by 53.
39
Calculate the remainder when 937 is divided by 232.
9
Calculate the remainder when 720 is divided by 122.
110
Calculate the remainder when 225 is divided by 98.
29
What is the remainder when 2250 is divided by 286?
248
What is the remainder when 163 is divided by 28?
23
What is the remainder when 2275 is divided by 69?
67
Calculate the remainder when 2831 is divided by 105.
101
What is the remainder when 223 is divided by 209?
14
Calculate the remainder when 1517 is divided by 96.
77
Calculate the remainder when 2161 is divided by 103.
101
Calculate the remainder when 2747 is divided by 22.
19
What is the remainder when 354 is divided by 15?
9
What is the remainder when 3516 is divided by 51?
48
Calculate the remainder when 2481 is divided by 34.
33
Calculate the remainder when 1506 is divided by 66.
54
Calculate the remainder when 447 is divided by 18.
15
What is the remainder when 1440 is divided by 129?
21
Calculate the remainder when 732 is divided by 92.
88
What is the remainder when 126 is divided by 57?
12
What is the remainder when 741 is divided by 27?
12
Calculate the remainder when 795 is divided by 392.
11
What is the remainder when 217 is divided by 105?
7
Calculate the remainder when 2043 is divided by 66.
63
Calculate the remainder when 2143 is divided by 74.
71
Calculate the remainder when 91 is divided by 37.
17
Calculate the remainder when 589 is divided by 83.
8
Calculate the remainder when 187 is divided by 6.
1
What is the remainder when 2469 is divided by 12?
9
Calculate the remainder when 94 is divided by 5.
4
Calculate the remainder when 1147 is divided by 24.
19
What is the remainder when 9259 is divided by 49?
47
Calculate the remainder when 191 is divided by 2.
1
Calculate the remainder when 2234 is divided by 4.
2
What is the remainder when 39919 is divided by 10?
9
What is the remainder when 3354 is divided by 334?
14
What is the remainder when 6699 is divided by 67?
66
Calculate the remainder when 142 is divided by 73.
69
Calculate the remainder when 861 is divided by 24.
21
What is the remainder when 1249 is divided by 600?
49
What is the remainder when 122 is divided by 49?
24
Calculate the remainder when 9987 is divided by 15.
12
Calculate the remainder when 521 is divided by 235.
51
What is the remainder when 2665 is divided by 14?
5
What is the remainder when 3482 is divided by 3480?
2
Calculate the remainder when 479 is divided by 48.
47
What is the remainder when 899 is divided by 15?
14
What is the remainder when 1034 is divided by 17?
14
What is the remainder when 4314 is divided by 34?
30
Calculate the remainder when 875 is divided by 282.
29
What is the remainder when 5770 is divided by 148?
146
Calculate the remainder when 205 is divided by 204.
1
What is the remainder when 1143 is divided by 20?
3
What is the remainder when 2927 is divided by 27?
11
What is the remainder when 170 is divided by 43?
41
Calculate the remainder when 676 is divided by 56.
4
Calculate the remainder when 41 is divided by 11.
8
What is the remainder when 642 is divided by 82?
68
Calculate the remainder when 301 is divided by 2.
1
Calculate the remainder when 28 is divided by 23.
5
What is the remainder when 14 is divided by 12?
2
Calculate the remainder when 160 is divided by 43.
31
Calculate the remainder when 256 is divided by 43.
41
What is the remainder when 64 is divided by 13?
12
Calculate the remainder when 146 is divided by 91.
55
What is the remainder when 2986 is divided by 65?
61
What is the remainder when 1357 is divided by 85?
82
What is the remainder when 207 is divided by 168?
39
Calculate the remainder when 17 is divided by 5.
2
Calculate the remainder when 85 is divided by 25.
10
Calculate the remainder when 650 is divided by 44.
34
What is the remainder when 97 is divided by 37?
23
Calculate the remainder when 113 is divided by 2.
1
Calculate the remainder when 175 is divided by 48.
31
What is the remainder when 1240 is divided by 46?
44
What is the remainder when 124 is divided by 14?
12
What is the remainder when 166 is divided by 142?
24
What is the remainder when 687 is divided by 117?
102
What is the remainder when 110 is divided by 66?
44
Calculate the remainder when 430 is divided by 141.
7
What is the remainder when 86 is divided by 42?
2
What is the remainder when 1397 is divided by 35?
32
Calculate the remainder when 751 is divided by 47.
46
Calculate the remainder when 35 is divided by 17.
1
Calculate the remainder when 227 is divided by 40.
27
Calculate the remainder when 669 is divided by 96.
93
Calculate the remainder when 216 is divided by 32.
24
What is the remainder when 57 is divided by 20?
17
What is the remainder when 397 is divided by 31?
25
What is the remainder when 12539 is divided by 19?
18
Calculate the remainder when 1173 is divided by 305.
258
Calculate the remainder when 9634 is divided by 73.
71
What is the remainder when 49 is divided by 19?
11
Calculate the remainder when 153 is divided by 58.
37
What is the remainder when 231 is divided by 48?
39
What is the remainder when 131 is divided by 43?
2
Calculate the remainder when 1125 is divide